ase 9?
10460550
What is -164253 (base 8) in base 5?
-3401223
Convert -139546 (base 10) to base 14.
-38bd8
Convert -91371 (base 10) to base 11.
-62715
Convert 540403 (base 7) to base 6.
2002234
What is -102212120221202 (base 3) in base 13?
-13cc253
Convert 3f49c (base 16) to base 3.
111011121001
d7dc5 (base 15) to base 8
2471474
Convert -57127 (base 8) to base 10.
-24151
What is 73aa9b (base 14) in base 12?
1386581
3053 (base 11) to base 7
14545
b4951 (base 16) to base 7
6200313
Convert -10616452 (base 7) to base 10.
-929077
Convert -418845 (base 10) to base 3.
-210021112210
What is -10000101001010011101001 (base 2) in base 12?
-1565209
4618032 (base 9) to base 11
1452701
Convert 240090 (base 10) to base 15.
4b210
-20302211 (base 6) to base 7
-4650532
What is 1345660 (base 8) in base 7?
3141234
What is 101111001110011011 (base 2) in base 14?
506cb
1101201021120 (base 3) to base 14
154754
What is 112201111000 (base 3) in base 13?
a1b77
What is -46b497 (base 12) in base 7?
-12453664
What is -29494b (base 13) in base 2?
-11110110100101010111
Convert 171281 (base 9) to base 3.
12101022201
Convert 84a36 (base 13) to base 9.
403767
What is -21120221021 (base 3) in base 7?
-1161364
1022b5 (base 14) to base 5
114400423
What is a4a617 (base 12) in base 15?
362387
Convert -207015 (base 13) to base 7.
-6304602
2778175 (base 9) to base 11
954122
Convert -1211634 (base 11) to base 15.
-2ba483
-101110001010101001 (base 2) to base 6
-4015241
-23013200 (base 5) to base 15
-4076a
-213110201 (base 6) to base 4
-32130313321
Convert -22c667 (base 13) to base 3.
-1120000122222
96153 (base 13) to base 8
1020204
Convert 71237 (base 14) to base 5.
32201342
Convert 264777 (base 8) to base 16.
169ff
What is -22232303 (base 4) in base 10?
-43955
Convert 1111111011001100 (base 2) to base 15.
144d8
Convert -11392e (base 16) to base 7.
-12410550
What is 110212110101211 (base 3) in base 6?
402330121
What is 16891 (base 15) in base 14?
1c76b
What is 2250466 (base 7) in base 5?
32444121
b90182 (base 14) to base 8
27706546
Convert -111102000200 (base 3) to base 9.
-442020
Convert -129c92 (base 16) to base 14.
-23a718
Convert -2432101 (base 5) to base 4.
-23031031
Convert -53036034 (base 7) to base 15.
-5d75d3
What is -1c945 (base 16) in base 10?
-117061
Convert -536543 (base 7) to base 6.
-2001112
Convert -10010101010001001 (base 2) to base 6.
-1345453
1101101001111010010101 (base 2) to base 9
6655177
What is -4245230 (base 6) in base 3?
-101121001100
What is 24217 (base 10) in base 15?
7297
What is 1100010101010100001110 (base 2) in base 10?
3233038
Convert 5445100 (base 7) to base 16.
a2cd9
-667344 (base 8) to base 11
-144052
-58521 (base 12) to base 10
-118249
32551643 (base 8) to base 7
113336031
21313220 (base 5) to base 12
89606
Convert 166302 (base 10) to base 6.
3321530
Convert 2124297 (base 11) to base 4.
32100313313
Convert -20313 (base 5) to base 2.
-10100110101
241b45 (base 13) to base 3
1121201222210
93417 (base 16) to base 3
1010122101020
Convert 7855941 (base 10) to base 2.
11101111101111101000101
1100100110111001110 (base 2) to base 14
aa7b8
Convert -85d5e4 (base 16) to base 11.
-4a508a7
What is 34104 (base 5) in base 11?
1896
4233611 (base 10) to base 12
150200b
-3600a1 (base 14) to base 13
-4c74b7
What is -20326221 (base 7) in base 8?
-6401040
243540420 (base 6) to base 7
54431142
-643342 (base 9) to base 11
-241838
What is -349245 (base 13) in base 9?
-2312300
What is -20033137 (base 8) in base 4?
-100003121133
Convert 14234214122 (base 5) to base 13.
3b360b4
13051424 (base 8) to base 7
33455646
What is 226294 (base 14) in base 2?
100011101100000111010
What is -11001221111 (base 3) in base 10?
-80149
12231333 (base 5) to base 9
188427
Convert 101333304 (base 5) to base 6.
12542550
What is 21300302123 (base 4) in base 3?
11211000110122
Convert 8762 (base 10) to base 9.
13015
-11053150 (base 6) to base 16
-517da
Convert -24a69 (base 14) to base 12.
-44005
Convert -100111111001010110 (base 2) to base 14.
-437a6
What is 5530352 (base 6) in base 8?
1033334
What is 57316267 (base 8) in base 13?
2761119
-1260635 (base 7) to base 4
-220201211
-208205 (base 13) to base 5
-143314010
Convert -31040043 (base 5) to base 4.
-331221223
What is 5414422 (base 6) in base 12?
10a412
a904c0 (base 15) to base 9
16130130
Convert 657998 (base 13) to base 7.
26202620
-128c5c1 (base 14) to base 3
-121211112102011
What is -8cc10c (base 13) in base 12?
-1150799
-353002 (base 6) to base 7
-154541
Convert 110011101011010100110 (base 2) to base 6.
100143330
What is 1da633 (base 14) in base 12?
434a05
-e9b6c (base 15) to base 12
-2b9286
Convert 100000101010000010011 (base 2) to base 10.
1070099
Convert 134954 (base 10) to base 2.
100000111100101010
What is -203342340 (base 5) in base 7?
-10066662
Convert -6ca29 (base 13) to base 16.
-30b1f
Convert -1046753 (base 10) to base 6.
-34234025
21507170 (base 8) to base 3
22200220220222
What is -551401 (base 6) in base 7?
-250204
Convert 1012120210122 (base 3) to base 13.
195c17
-11122314 (base 5) to base 14
-27c4b
-67833 (base 12) to base 13
-4a8a7
What is 218a89 (base 11) in base 10?
348698
Convert 45814 (base 14) to base 11.
105a4a
Convert -100110000011011110110 (base 2) to base 8.
-4603366
317241 (base 9) to base 12
9146a
What is -2463454 (base 7) in base 13?
-b1aa8
143b0 (base 12) to base 9
42626
Convert -103113321100 (base 4) to base 14.
-962b3a
What is -101001000110110110 (base 2) in base 14?
-4550a
33a79c (base 14) to base 16
1ad1e6
57dd (base 15) to base 5
1044113
Convert -25710617 (base 8) to base 6.
-323000543
What is 1000110100 (base 4) in base 5?
31412230
Convert -80051 (base 13) to base 9.
-377458
31515525 (base 6) to base 11
584181
What is 22242110 (base 5) in base 3?
100222120220
What is 2313422321 (base 5) in base 6?
303453431
10b49a (base 13) to base 4
1200233213
-6623100 (base 7) to base 10
-812616
What is -1762183 (base 10) in base 14?
-33c2a3
Convert -12540413 (base 6) to base 4.
-1211322321
What is d167da (base 14) in base 2?
11010111000101111011100
What is -62612 (base 9) in base 8?
-120551
Convert -432771 (base 8) to base 12.
-6ba21
-63526c (base 14) to base 9
-6275103
What is 1502157 (base 9) in base 3?
1120002011221
27746c (base 13) to base 9
1721025
83ac02 (base 13) to base 4
23233331123
-2763899 (base 11) to base 15
-641599
Convert 1001000000000011001 (base 2) to base 7.
2335606
-1015221 (base 6) to base 7
-263125
Convert 121202203 (base 4) to base 6.
2124151
Convert b4b488 (base 14) to base 3.
102110221202011
Convert 110001011010101100000 (base 2) to base 12.
661114
Convert 221258 (base 9) to base 13.
48206
What is 1424721 (base 13) in base 2?
11000010101011001011101
3313013023 (base 4) to base 5
224342141
What is -11111110110101100 (base 2) in base 14?
-3579a
2458c (base 16) to base 3
21120012221
What is 1440111 (base 5) in base 15?
913b
17774425 (base 9) to base 3
121212111110212
Convert 1130101001 (base 4) to base 8.
1342101
-98ca0 (base 13) to base 5
-32324113
-2113011222 (base 4) to base 5
-124300413
200012023 (base 4) to base 9
220304
What is 279b1 (base 13) in base 4?
102012312
Convert 13c25 (base 14) to base 12.
24461
-1046b6 (base 12) to base 5
-31203441
31d99 (base 14) to base 9
203473
What is -1010010010011111001101 (base 2) in base 15?
-384260
What is -2012212111222 (base 3) in base 4?
-10133231021
-10d5d (base 16) to base 11
-47899
What is -32425710 (base 8) in base 4?
-122202233020
-a9b84 (base 12) to base 9
-372071
Convert 103217 (base 14) to base 4.
2011122211
7873c3 (base 16) to base 8
36071703
What is -10621 (base 12) in base 7?
-120022
What is 13286a (base 12) in base 5?
40100410
Convert -34333400 (base 5) to base 6.
-10340412
What is 16254461 (base 8) in base 9?
7057473
Convert 11100000110010 (base 2) to base 4.
3200302
Convert -2e8a5 (base 16) to base 7.
-1422525
Convert -2872582 (base 11) to base 13.
-103b430
-347797 (base 10) to base 14
-90a69
Convert -11011011100011000110 (base 2) to base 16.
-db8c6
Convert 132322131 (base 4) to base 15.
277b6
What is -101202202121101 (base 3) in base 8?
-25651724
Convert 2826b3 (base 12) to base 2.
10100011000101100111
Convert -a1a69a (base 11) to base 13.
-4551c9
What is 236dea (base 15) in base 5?
413202040
Convert 203203311 (base 7) to base 3.
211102110